composite?
True
Is 293610697 a composite number?
False
Is 261943072535 prime?
False
Is 32739491867 prime?
True
Is 23324494174 a composite number?
True
Is 131637276569 a composite number?
True
Is 25511977047 composite?
True
Is 27087598319 composite?
True
Is 66570118409 a prime number?
True
Is 1773150877 a prime number?
True
Is 22592893979 a prime number?
True
Is 913745935 a prime number?
False
Is 325935653 composite?
True
Is 101599661 prime?
True
Is 430302739 prime?
True
Is 8129628037 composite?
False
Is 92349403037 composite?
False
Is 2542457917 a prime number?
True
Is 395516453 a prime number?
True
Is 3281749789 prime?
True
Is 21388653317 a prime number?
True
Is 12447334 a composite number?
True
Is 45442383949 composite?
True
Is 9422881607 prime?
False
Is 7896658787 a prime number?
True
Is 156368595211 a prime number?
True
Is 1070292337 prime?
True
Is 9079578073 a prime number?
True
Is 512590847 prime?
True
Is 474825077 prime?
True
Is 812829529 a prime number?
True
Is 3676880357 composite?
False
Is 3098015803 prime?
True
Is 4108700045 a composite number?
True
Is 1069290049 a composite number?
False
Is 79135069 a composite number?
True
Is 3821025155 composite?
True
Is 551212139 prime?
False
Is 31351599377 a prime number?
False
Is 307890331 composite?
True
Is 1323037921 a composite number?
True
Is 12748826771 composite?
True
Is 3251046091 a prime number?
False
Is 235703159 a prime number?
True
Is 96717054787 composite?
False
Is 1477031033 prime?
True
Is 7397128961 prime?
False
Is 6010497083 a composite number?
False
Is 32221433957 composite?
False
Is 1272745561 a prime number?
True
Is 282516234577 a prime number?
True
Is 14316356111 a prime number?
True
Is 19185922229 composite?
True
Is 9355217 a prime number?
False
Is 4589085847 prime?
False
Is 42449298713 composite?
False
Is 163947799 a composite number?
True
Is 15948230411 a prime number?
False
Is 12398248817 prime?
False
Is 1771268113 prime?
True
Is 2438804933 composite?
True
Is 406358279 composite?
False
Is 446735843 composite?
True
Is 184481917 a composite number?
False
Is 84234181 prime?
True
Is 1608311401 prime?
False
Is 3890427811 a prime number?
False
Is 11710823701 a composite number?
True
Is 1240350439 prime?
True
Is 3058769393 composite?
False
Is 78353741549 composite?
False
Is 5761851002 prime?
False
Is 4654548487 prime?
True
Is 2698710783 composite?
True
Is 10270303609 prime?
True
Is 2557933489 a prime number?
False
Is 205183095383 a composite number?
True
Is 12257133527 prime?
False
Is 5222020693 a prime number?
True
Is 12727576219 prime?
True
Is 581957071 composite?
False
Is 10394956787 a prime number?
False
Is 6396239869 prime?
False
Is 68977113557 a prime number?
False
Is 123680693 a prime number?
False
Is 963365347 composite?
True
Is 9775623623 a prime number?
True
Is 3700162889 a prime number?
True
Is 11059506847 prime?
False
Is 13849854895 prime?
False
Is 456497827 a prime number?
True
Is 32215117 composite?
True
Is 42846464449 prime?
False
Is 89862008722 prime?
False
Is 15367498301 composite?
False
Is 1672811755 composite?
True
Is 43896062231 prime?
False
Is 43528184059 prime?
False
Is 4733369287 a composite number?
True
Is 2940182815 a prime number?
False
Is 6772010681 a prime number?
False
Is 25074606749 a composite number?
False
Is 766977859 a prime number?
True
Is 12306676331 a composite number?
False
Is 178505832997 composite?
False
Is 2231367389 a prime number?
False
Is 52926066223 composite?
False
Is 15405373933 prime?
True
Is 31698843853 a prime number?
False
Is 20688940357 prime?
True
Is 19068737783 composite?
False
Is 16526091683 composite?
True
Is 3023774527 prime?
True
Is 781392527 a composite number?
False
Is 32936697767 a composite number?
False
Is 53046794651 a prime number?
False
Is 2182987069 a composite number?
False
Is 183149454497 a composite number?
True
Is 658646813 a composite number?
True
Is 19838400997 prime?
False
Is 416783657 a composite number?
False
Is 1989251135 a prime number?
False
Is 2647469831 composite?
False
Is 1129916629 a prime number?
True
Is 794498063 a composite number?
False
Is 28698087763 a composite number?
False
Is 158124917 a prime number?
False
Is 488766961 a composite number?
False
Is 12541941835 composite?
True
Is 1682984729 composite?
False
Is 157504988087 a composite number?
True
Is 48737089 composite?
False
Is 4776425539 a composite number?
True
Is 9476573129 a composite number?
True
Is 3385188523 prime?
False
Is 1958024258 a prime number?
False
Is 7685211543 a prime number?
False
Is 1513061123 prime?
False
Is 3539735813 a prime number?
True
Is 4762903781 composite?
True
Is 673512449 a prime number?
True
Is 3321668099 composite?
True
Is 6365214811 prime?
False
Is 17345337637 a composite number?
True
Is 4240330123 a composite number?
True
Is 19023839203 composite?
False
Is 3517684723 a prime number?
False
Is 94615669357 prime?
False
Is 1904219309 prime?
True
Is 7164049699 a composite number?
False
Is 124515333029 composite?
False
Is 8395902107 prime?
True
Is 1576556431 prime?
False
Is 24832791821 composite?
False
Is 1307178311 prime?
True
Is 40473130129 composite?
False
Is 7291901893 a composite number?
False
Is 9327984959 a composite number?
True
Is 44901698917 composite?
True
Is 39356194043 prime?
True
Is 29562423727 a composite number?
False
Is 31297364291 a composite number?
False
Is 504120866 prime?
False
Is 2546945989 prime?
False
Is 12107062171 a composite number?
True
Is 40444091 composite?
False
Is 1366024943 composite?
False
Is 250166081 prime?
False
Is 20335474861 a prime number?
False
Is 20550523222 composite?
True
Is 256415981 a prime number?
False
Is 41677465733 a composite number?
False
Is 7431279293 composite?
False
Is 788199233 a prime number?
True
Is 3832840937 composite?
False
Is 27015727 prime?
True
Is 38899720189 composite?
True
Is 1129499561 a prime number?
True
Is 11812847533 a prime number?
True
Is 8112008123 prime?
False
Is 70548117383 a composite number?
False
Is 651117287 a composite number?
True
Is 150770235167 composite?
False
Is 8613050557 prime?
False
Is 4509025483 a prime number?
False
Is 314744629753 a composite number?
True
Is 3459698401 prime?
False
Is 1360719313 a prime number?
True
Is 2859755329 prime?
True
Is 3654997487 a composite number?
False
Is 7507503529 prime?
False
Is 691644215 a prime number?
False
Is 4139420027 prime?
True
Is 9512524643 a composite number?
True
Is 2732009705 a prime number?
False
Is 38397823853 composite?
True
Is 21740877133 a prime number?
True
Is 55231907377 a prime number?
False
Is 2505415921 prime?
False
Is 59299717 composite?
False
Is 54513484199 a prime number?
True
Is 18130787 a prime number?
True
Is 3793169093 a composite number?
True
Is 19048705901 composite?
True
Is 1490005351 a composite number?
True
Is 2132073789 a composite number?
True
Is 66828069361 prime?
True
Is 1149191639 prime?
False
Is 24895344139 a prime number?
False
Is 20639695547 a composite number?
True
Is 1893347429 prime?
True
Is 65414099 a composite number?
False
Is 72565681 prime?
False
Is 17180242621 composite?
True
Is 8088234121 prime?
False
Is 941112262 prime?
False
Is 2881467035 composite?
True
Is 11015809159 composite?
True
Is 3214561657 composite?
False
Is 370515923 prime?
False
Is 504226553 a prime number?
True
Is 3000004463 prime?
False
Is 29415061661 a prime number?
True
Is 2964531881 composite?
True
Is 2902541657 a prime number?
True
Is 451371751 a composite number?
False
Is 3307361887 prime?
False
Is 99045417473 a composite number?
True
Is 2377273799 a composite number?
True
Is 218057657 prime?
False
Is 54104420441 a composite number?
True
Is 5397321481 a prime number?
True
Is 64304637203 a composite number?
False
Is 1316615959 prime?
False
Is 9439854791 a prime number?
True
Is 95680068277 a composite number?
True
Is 7369146233 a prime number?
False
Is 45634063 composite?
False
Is 20515670339 composite?
False
Is 3260505113 a prime number?
True
Is 1533300611 a composite number?
True
Is 14286629603 a composite number?
False
Is 20932216339 a composite number?
False
Is 962038387 prime?
True
Is 5647711439 a composite number?
False
Is 475644373 a prime number?
True
Is 1001424331 a composite number?
False
Is 33547413037 composite?
True
Is 797496727 a prime number?
False
I